10250 and a.
50
Suppose -3 = 3*p - 48. Suppose 6*x = p*x - 351. Suppose -i = o - 11, i + 3*i - x = o. What is the highest common divisor of i and 5?
5
Let d be (1/5)/((-6)/(-6250)) - 27/81. What is the highest common divisor of d and 4004?
52
Let h = -6317 - -40158. What is the greatest common factor of h and 43?
43
Let k be ((-192)/36)/((-5787)/(-1161) - 5). What is the highest common divisor of k and 8?
8
Let g(p) = 4*p**2 - 121*p - 33. Let c be g(33). Suppose -c*o + 72 = -327*o. Let l(b) = b + 8. Let a be l(0). Calculate the greatest common divisor of a and o.
8
Suppose -37*i + 11746 + 17965 = 0. Suppose 523 = 17*v - i. Calculate the greatest common factor of v and 6.
6
Suppose 2*j - 340 = 3*y, 4*j + 22*y = 24*y + 632. Let i = -18 + 37. Calculate the greatest common factor of j and i.
19
Let s = -369 - -404. Suppose -i + 25 = -5*a, -3*i + 5*i + 5*a - s = 0. What is the highest common factor of i and 70?
10
Let c = -5250 - -5416. Calculate the highest common factor of c and 11122.
166
Suppose -5*g + 170 = 5*t, 0 = -5*g + 2*t - t + 146. Let l be 80/256*60 - 1/((-4)/(-3)). Calculate the greatest common divisor of g and l.
6
Suppose 4 = -4*o + 6*o. Suppose 3*z = 4*z - o. Suppose 3*n + 24 = -z*a + 93, 37 = n - 4*a. Calculate the highest common factor of 10 and n.
5
Let j(b) = 20*b**2 - 4*b - 8. Let t be j(-4). What is the greatest common factor of t and 1394?
82
Let z(o) = -32*o**3 + o**2 - o + 1. Let r be z(1). Let c be (-11880)/(-324)*(-1 - (-15)/6). Let w = c + r. Calculate the greatest common factor of 48 and w.
24
Suppose -4*o + 33 = 2315*i - 2312*i, 3*i = 21. What is the greatest common divisor of o and 13?
1
Let h be (2/10 + 2/(-10))/3. Suppose -3*c = 3*b - 1314, h = -c - 3*b + b + 442. Suppose -10*p = -c + 54. Calculate the highest common divisor of p and 190.
38
Suppose 587*p - 644132 + 204604 = 905289. What is the greatest common factor of 58 and p?
29
Suppose -194*k = 126*k - 51200. Calculate the highest common factor of k and 3020.
20
Let z(i) = -i**3 + 22*i**2 + 3*i - 42. Let p = -35 - -57. Let u be z(p). Suppose 5*o - u = 36. Calculate the highest common factor of o and 12.
12
Let s = -219 + 220. Let i be (1 - 1 - s)/(54/(-3240)). What is the highest common divisor of 40 and i?
20
Suppose 2005 = -104*u + 105*u. What is the greatest common divisor of u and 5?
5
Let g be 6344/(-12) - 2/6. Let p = -90 - g. Suppose 492 = 7*v - p. What is the greatest common factor of v and 19?
19
Let v(u) = -u + 5*u - 28 - 3*u - 6*u. Let x be v(-12). Let k(t) = 3*t**2 + 2*t + 3. Let c be k(-3). Calculate the highest common divisor of x and c.
8
Let h = 1989 + -1889. Calculate the highest common factor of 11300 and h.
100
Suppose 535 = 5*o + 15. Suppose -o*z = -99*z - 575. What is the highest common factor of 23 and z?
23
Let a(n) = n**3 - 2*n**2 - 2*n + 1. Let y be a(3). Suppose -71*p + 75*p - 4 = 0. Calculate the greatest common divisor of y and p.
1
Let y = 7578 + -6768. What is the highest common divisor of y and 10?
10
Let b be 89 - (15/25 + 288/(-30)). What is the greatest common factor of 1127 and b?
49
Let p(k) be the second derivative of -k**5/20 - k**4 - k**3/2 - 3*k**2 + 3*k + 2. Let s be p(-12). Calculate the greatest common factor of 6 and s.
6
Let y(q) = -8*q**3 + 2*q**2 - 25*q - 60. Let f be y(-2). Calculate the highest common divisor of 18 and f.
2
Let x(n) = -17*n - 29. Let d be x(-2). Let q = -401 - -588. Suppose d + q = 4*m. Calculate the highest common factor of m and 6.
6
Let p be ((-4706)/(-18) - (-13)/((-468)/(-8)))*24. Calculate the highest common factor of 40 and p.
40
Suppose 0 = 6*n - 3*f - 4527, -2*f + 6*f = -5*n + 3766. Calculate the greatest common factor of 78 and n.
26
Suppose 2*a + a - 2*a = 9. Calculate the highest common divisor of a and 177.
3
Let p be 2*(-5)/(-20)*2 + 0. Suppose 2*n = 3*t - 2 - 6, -p = 2*t + 5*n. What is the highest common divisor of 2 and t?
2
Let h = 1520 - 1513. What is the highest common divisor of h and 2317?
7
Suppose -15 = 105*o - 110*o. Let t be -7 - -137 - 1*(-6)/o. Calculate the highest common factor of t and 4.
4
Let g be (-27 + 33)/((-12)/(-17514)). What is the highest common factor of 18 and g?
9
Suppose 0 = -5*x - 7 + 17. Suppose 5*q = -0*b + b - 23, 4*b + x*q = 26. Let o(n) = -n + 1. Let h be o(-7). Calculate the greatest common factor of b and h.
8
Let u = 1353 - 1308. Let b = 5 - -70. What is the greatest common divisor of u and b?
15
Let r be 2*(-1*(-679)/28 - (-77)/44). What is the greatest common factor of 8489 and r?
13
Let x(s) = -581*s - 6295. Let n be x(-11). Suppose 268 = 2*i - 4*j, 2*i - 5*i - 2*j + 378 = 0. What is the greatest common divisor of i and n?
32
Suppose 4*i - 5*f - 1513 = 0, 3*i - 19*f - 1152 = -21*f. Let h = i + -187. Calculate the greatest common factor of 15 and h.
15
Suppose 0 = -3*c + 2*u - 86, -c = -3*c + 5*u - 61. Let m = c + 57. Let g be 28968/497 + (-4)/14. What is the highest common factor of g and m?
29
Let y = 5772 + -2613. Let f be (-922)/(-18) - 27/(y/26). Calculate the greatest common divisor of f and 51.
51
Let l be (25 - 0)*(24 + -21). Suppose l + 485 = 20*p. Let a = -8 + 12. What is the highest common factor of a and p?
4
Let t = -42180 + 65440. What is the greatest common divisor of t and 20?
20
Suppose 262*z - 21943 = 259*z - q, -6*z + 4*q = -43880. What is the highest common divisor of 138 and z?
138
Let z = -30643 - -33011. Calculate the highest common divisor of z and 148.
148
Suppose 0 = -159*v + 152*v + 427. Let c = v + -53. Let w = -13 - -17. Calculate the highest common factor of w and c.
4
Suppose 7 + 1 = 4*c, -8 = -4*p - 4*c. Suppose 16*d - 9*d - 238 = p. Calculate the highest common divisor of d and 102.
34
Suppose 0 = -912*x + 902*x + 10. Let l be x/(-6) - 205/(-6). What is the greatest common factor of l and 459?
17
Suppose -4*o + 3*d = 28, 2*o + 3 = 3*d - 5. Let c be (36/o - -4)*55 + -2. What is the highest common divisor of 320 and c?
20
Suppose 2*i = -4, 73 = b + 2*b - 2*i. Let p be (-6 - -9)*-1 + 19*5. Calculate the greatest common divisor of b and p.
23
Let w(a) = -a**3 - 18*a**2 + 39*a - 2. Let l be w(-20). Suppose -l*d + 14*d = -528. What is the highest common divisor of 22 and d?
22
Let c = -5715 - -6291. Calculate the highest common factor of 1856 and c.
64
Let k(u) = u**3 - 2*u**2 - 3*u + 1. Let q be k(3). Let h = -36 + 38. Let r be h + ((-3)/((-3)/4) - -2). What is the greatest common divisor of r and q?
1
Let d = 4589 + -4455. Calculate the highest common divisor of d and 804.
134
Suppose -7*s - 3446 + 6328 = -9018. What is the greatest common factor of s and 100?
100
Let t be (2 - -36) + 3 + (1 - 2). Suppose 375 = 5*o - 5*l, 3*o + 2*l - 149 = 51. Calculate the greatest common divisor of t and o.
10
Let n = -3763 - -3795. Calculate the highest common factor of n and 3424.
32
Let m = 392 - 386. Let u be (-3)/((-9)/398) - m/(-18). What is the greatest common divisor of 38 and u?
19
Let l(v) be the second derivative of -7*v**3/6 + 5*v**2 + 6*v. Let m be l(1). Suppose -m*f + 287 = 110. Calculate the highest common factor of 649 and f.
59
Let h be (88264/(-220))/((-10)/25). What is the greatest common factor of 153 and h?
17
Suppose 1178 + 267 = 17*d. What is the greatest common factor of 2023 and d?
17
Let a = 41 - 13. Suppose -14*f = -0*f - 16*f + 14. Calculate the highest common factor of a and f.
7
Suppose 2319 = t + 4*s, -7*t + 3*t - s = -9351. Suppose -14*y = -t + 729. Calculate the highest common factor of y and 23.
23
Let y be (-2)/19 + ((-2224)/(-417))/((-38)/(-186)). What is the greatest common divisor of y and 13676?
26
Suppose 5*k + 11 = -2*n, -3*k - 2*k + 7 = -4*n. Let i be (-13)/(-1)*-15*n/3. Let u be (-30)/(-4)*(0 + 2). What is the greatest common factor of u and i?
15
Suppose 3*x = 11*x - 704. Let a = x - 14. Let r = 88 - a. What is the greatest common divisor of 56 and r?
14
Let y be ((-588)/12)/(-7) + (1 - -1862). What is the greatest common divisor of 33 and y?
11
Let s be 2/5*(-3 - (-1 + 3)). Let v be 2*-1 + 35/(-14)*s. Suppose -3*q + 12 = -b - 22, v*q = 4*b + 46. What is the highest common divisor of q and 4?
2
Let j be (-1 - -8 - (3 + 9))*-8. Calculate the greatest common factor of 860 and j.
20
Let m = 10980 - 10578. Calculate the greatest common factor of m and 6.
6
Let m = -4986 - -5290. What i